t b(p) = p + 8. Determine b(y).
4
Suppose 4*u + 2*c + c - 24 = 0, 3*u = 5*c - 11. Let q(j) be the second derivative of 0 + 0*j**2 + 1/4*j**4 - 1/6*j**3 + j - 1/20*j**5. Give q(u).
-3
Let v(p) = -p**3 + 2*p**2 - 2*p + 6. Let s be v(2). Let i(w) = -22*w + 23*w + s - 3. Give i(1).
0
Let g = -896 - -895. Let y(w) = -14*w**2 - 3*w - 1. Determine y(g).
-12
Let o(a) = -a**2 + 6*a + 11. Let f(b) = -7*b + 9. Let n be f(0). Calculate o(n).
-16
Let n(o) = -o**2 + o + 2. Suppose 0*k + 2*k - 4*d = 12, 3*k + 6 = -2*d. Give n(k).
2
Suppose 0*a - 2*a = 12. Let f(b) be the first derivative of -6 + 5*b + b**2 + 4*b + 20. Calculate f(a).
-3
Let h = 48 + -34. Let r be (-63)/h*4/(-6). Let o(n) = 2 - 1 - 3 - r*n**2 + 2*n + 0*n**2. Calculate o(2).
-10
Let a be 4 - (9 + -1) - -4. Let u be a - -4 - (2 + -3). Let c be (-24)/(-60) - 7/u. Let i(o) = 4*o**3 + 2*o**2 - 1. Determine i(c).
-3
Suppose 0 = -4*o + 9 - 29. Let k(f) = f**3 + 4*f**2 - 9*f + 6. Let a(v) = -2*v**3 - 8*v**2 + 17*v - 11. Let d(g) = 4*a(g) + 7*k(g). Determine d(o).
-2
Let r(l) = -24*l - 30. Let s(m) = m**2 - 2*m. Let i(n) = -r(n) + s(n). Calculate i(-21).
9
Let j(t) = 39*t**2 - 15*t + 39. Let o(r) = 7*r**2 - 3*r + 8. Let h(a) = 2*j(a) - 11*o(a). Give h(5).
30
Let l be (3 - -4)*-1 - -2. Let t = -3 - l. Suppose -5*h = t*y + 33, -h + 2 = -2*y - 1. Let r(x) = -x**2 - 2*x. Give r(y).
-8
Let i(a) be the first derivative of a**4/4 + a**3 - 2*a**2 + 2*a - 95. Determine i(-4).
2
Let n(h) = -3 + h + 7 + 8 + h. Determine n(-10).
-8
Suppose -4*o + 4*g = -g - 19, -3*o = -5*g - 18. Let q(f) be the third derivative of 0*f**5 + 0*f**4 - 1/40*f**6 + 0*f + 1/6*f**3 - 6*f**2 + 0. Give q(o).
-2
Let p(g) = 2*g - 7. Let c be p(5). Let x(w) = 4*w - 3*w - 3 - 10 + 17. What is x(c)?
7
Let p(x) = -x**2 + 9*x + 13. Let i be p(10). Let f(s) = -8 - 6*s**2 + 6 + i. What is f(-2)?
-23
Let a(i) = 1 - 7 + 5*i**2 - i**3 + 1 + 1. Let d = -18 - -34. Let o = 21 - d. Give a(o).
-4
Let t(b) = 8*b + 12*b - b - 16*b + 2. Let r be -2 - -2 - -2 - 4. Determine t(r).
-4
Let d(f) = f - 5. Let q be d(8). Let b be -4 - (q + -10) - 1. Let p(n) = -b*n - 2*n - 6*n + 2*n - n**2. Calculate p(-6).
12
Let m be (6/2)/(1*(-15)/30). Let n(q) = -2 - 6*q + 3 + 4 - q**2. Determine n(m).
5
Let i(r) = 9*r**2 + 108*r - 6. Let h be i(-12). Let b(q) = -q**2 - 10*q - 20. Determine b(h).
4
Let z(f) = 7*f + 23. Let u be z(-9). Let l = -37 - u. Let t(n) = 13*n**2 - 16*n + 4. Let i(j) = 9*j**2 - 11*j + 3. Let c(x) = 7*i(x) - 5*t(x). Determine c(l).
-8
Let m be (-4 - (-189)/28)*(0 - 4). Let q(j) = -2*j - 16. What is q(m)?
6
Let j(n) = 4*n**3 - n**2 + n. Let v(p) = p**2 - 5*p + 5. Let f be v(5). Let w be 2 + -3 + 30/f. Let y be 2/1 - (-4 + w). Calculate j(y).
4
Let t(s) = 5 + s**3 - 2*s**2 + 2 - 3*s**2 - s - 3. Let f be t(4). Let d = 16 + f. Let c(v) = v**2 + v + 5. Calculate c(d).
5
Suppose -51 + 151 = 4*y. Let x = y + -23. Let i(j) = -3*j**x + 11 + j**3 - 15 - 2*j**2 + 4*j. Give i(4).
-4
Let x(z) = 6*z**2 - z - 1. Let y = -21 + 16. Let f be 18/45 + 7/y. Calculate x(f).
6
Let c(v) be the first derivative of v**2 - 3. Let p be c(4). Suppose -g - g - p = 0. Let j(x) = -x**2 - 4*x + 5. Give j(g).
5
Let j(r) = 7*r + 2*r**2 - 3 - 4*r + r**3 - r**2 - 2*r**2 - 6*r. Suppose 7*z - 2*z = 10. Let u be 2/(-3)*(-9)/z. Calculate j(u).
6
Suppose 2*x - 16 = 4*t, -2*t - 3*t = -x + 5. Let i(j) = 2*j - 12. Give i(x).
8
Let q(x) = -2*x + 5. Let o(v) be the second derivative of -v**3/6 + 3*v**2 + 8*v. Let y(d) = 3*o(d) - 4*q(d). Suppose 2*i + 3*i = 10. Determine y(i).
8
Let v(u) = 3*u**2 + 3*u - 1. Suppose 5*r - 17 - 3 = 0. Suppose -5*c = 4*b - 0*b - 8, 0 = r*b + 3*c. Determine v(b).
17
Let z(c) = 2*c - 14. Let r be z(9). Let i(t) = r*t + 2*t - 7 - t**2 + 24 - 11. What is i(7)?
-1
Let v(i) = -i**2 + 12*i + 16. Let g be v(13). Let u(z) = -z - 7. Let q be u(-9). Let l(h) = -h + h + 1 + 2 - 2*h - h**q. Give l(g).
-12
Let u(n) = -n**3 - 5*n**2 - 4*n - 6. Suppose 0 = -i + 4*i - 27. Suppose -6*m + 4*p + 68 = -2*m, 5*m - p = 69. Let a = i - m. What is u(a)?
-6
Let q(i) = -4*i - 13. Suppose x + 0*x + 10 = -2*s, 0 = 2*s + 3*x + 2. Determine q(s).
15
Let d(a) be the third derivative of 56*a**2 + 0 - 1/6*a**3 + 0*a - 1/6*a**4. Let s = 1 + -3. What is d(s)?
7
Let v(r) = -5*r**2 + 3*r - 18. Let b(q) = 3*q**2 - 2*q + 12. Let u(y) = -8*b(y) - 5*v(y). Let o = -16 + 20. Let t be (-6)/51 - o/(-34). Calculate u(t).
-6
Let m = 809 - 565. Let a(y) = -245 + m + 3*y + y. What is a(-1)?
-5
Suppose -66*i - 160 - 236 = 0. Let v(x) = 16*x + 95. Give v(i).
-1
Let h(s) = -s**2 + 7*s - 3. Let v(r) = -2*r**2 - 79*r - 107. Let u be v(-38). Give h(u).
-3
Let d(h) = h**2 - h - 1. Let g be 2 + 15 + (-4)/4. Let y(t) = -5*t**2 + 3 - 1 - 12*t + g*t - t**3. Let b(r) = 3*d(r) + y(r). Calculate b(-2).
-3
Suppose a = 5, -3*s - 11*a + 15*a = 8. Let x(r) = r**3 + 6*r**2 - 7*r + 4. Let g be x(-7). Let j(q) = -8*q - 2 - 3 + g*q**2 - 5*q**2 + s. Give j(-7).
6
Let z(l) = -1 + 2 - 3*l - 2 + 3. Suppose -3*w = -4*w - f - 146, 2*w + 4*f + 298 = 0. Let s be (-2)/(-6) - w/39. Give z(s).
-10
Suppose -z + 4*c + 1 = 0, -c + 15 = 4*c. Let x(d) = -d + 31. Give x(z).
18
Let q(h) = 2*h**2 + 10*h - 7. Let u be (241/(-723))/((-1)/(-27)). Calculate q(u).
65
Suppose 17 + 103 = 20*j. Suppose -2*k = 2*k - 4. Let f(r) = -5*r + 5*r - k + r. What is f(j)?
5
Let z(i) be the first derivative of 7*i - 8 - 3/2*i**2 + 1/6*i**3. Let v(q) be the first derivative of z(q). Calculate v(0).
-3
Let z(y) = -y**2 + y - 4. Let w = 24 - 21. Suppose -5*j = -w*j. Calculate z(j).
-4
Let z(b) = 9*b**2 + 2*b + 20. Let t(c) = 5*c**2 + c + 11. Let o(h) = 11*t(h) - 6*z(h). Determine o(2).
3
Let b(u) = -191*u - 12 + 4 + 2 + 178*u. Determine b(-3).
33
Let w(z) = 2*z**3 - 3*z**2 + 1. Suppose -3*p + 4 = -p. Let c(a) = 2*a**2 - 3*a + 4. Let s be c(2). Suppose h + p*h = s. Calculate w(h).
5
Let u(a) = 9*a + 7. Let q(d) = 2. Let x(i) = 4*q(i) - u(i). Give x(2).
-17
Let o(a) be the second derivative of a**5/30 - 5*a**4/24 + a**3 - 7*a**2/2 + 6*a. Let m(b) be the first derivative of o(b). Determine m(4).
18
Let r(z) = -8*z - 3. Let b(c) = c + 19. Let x be b(-17). Give r(x).
-19
Let i(z) = -2*z + 1. Let l be i(-13). Let c = l - 23. Let w(n) = c*n**3 + 2*n**3 - 7*n**3 - 5 - n**2 + 2*n + 7*n**2. What is w(6)?
7
Let f(r) = -5*r. Let d be f(-1). Let p(u) = u**2 - 7*u + 8. Give p(d).
-2
Suppose 5 = -t, -21 = -m + 5*m + 5*t. Let q(b) = -26*b + 48*b + m - 23*b. Give q(0).
1
Suppose o + 3*m = -8 + 47, -2*o = 4*m - 74. Let f = o + -34. Let i(w) = 7*w**3 + w + 1. Determine i(f).
-7
Let v = 44 - 42. Let b(r) = -v*r - 6 + r + 0 - r. Give b(-4).
2
Let p(w) = -5*w - 3*w**2 + 0*w**2 + w**3 + 6 - 3 + 1. Suppose 3*r + 2 = -b, -2*r + b - 3 = -5. Suppose -3*s = -5*a + 32, r*a = -2*a - s + 4. Calculate p(a).
0
Let i(m) = -8*m**2 + 4. Suppose 0 = q - 2 - 1. Let r(k) = 7*k**2 - 3. Let s(z) = q*i(z) + 4*r(z). Let a be ((-1 - 3) + 2)/2. Calculate s(a).
4
Suppose -16 = o + 3*t, 12*t = -2*o + 11*t - 7. Let a(s) = -10*s**3 - 2*s - 1. What is a(o)?
11
Let u be (-140)/(-6)*966/35. Let l(q) = -2 + 0*q + q**3 - 647*q**2 + u*q**2 + 2*q. What is l(3)?
4
Let n(q) be the third derivative of -q**4/8 + q**3/3 + 21*q**2. Let x(f) = -f**2 - f. Let a(u) = n(u) - x(u). Give a(2).
2
Let u(o) be the second derivative of -o**4/6 + o**3/3 - o**2 + 76*o. Give u(3).
-14
Let o(n) = n - 11. Let m(v) = -27*v + 10. Let z be m(0). What is o(z)?
-1
Let x(v) = 20*v**2 + 6*v - 29. Let a(i) be the first derivative of -8 - i**2 - 7/3*i**3 + 10*i. Let l(p) = 17*a(p) + 6*x(p). Determine l(-3).
-1
Let w(a) = 17*a**3 - 3*a**2 + 9*a - 4. Let r(y) = -17*y**3 + 2*y**2 - 7*y + 3. Let j(x) = -4*r(x) - 3*w(x). Give j(-1).
-17
Let y(v) = -v**2 + 2*v + 3. Let f = -70 - -55. Let n be (-1)/((f/(-5))/12). Determine y(n).
-21
Let x be (72/9 - 6) + -2 + 6. Let c(i) = -i**2 + 4*i + 15. What is c(x)?
3
Let p(x) = -x + 1. Suppose -15*y + 6 = -12*y. Let g be (y + -5)*8/(-6). What is p(g)?
-3
Let n(c) = -3*c**2 + 14*c + 6. Let g be n(6). Let k be (-36)/162 + 50/g. Let o be (4 - (11 + k)) + 10. Let x(t) = -t**3 + 6*t**2 - t - 3. Give x(o).
-9
Let r = 25 - 28. Let y be ((-4)/8)/(r/24). Suppose p = y*p. Let k(m) = m - 9. Give k(p).
-9
Let d(w) = -w**2 + 2. Let z be d(2). Let b(i) be the second derivative of -2*i**3/3 + i**2 - 53*i - 5. Determine b(z).
10
Let q(o) = -o - 